ase 5) to base 14
-129403
Convert -241189 (base 11) to base 13.
-104c82
What is 1231501324 (base 6) in base 16?
db27f4
Convert 147552 (base 12) to base 14.
8d862
11120200012 (base 3) to base 8
260056
Convert -41723330 (base 8) to base 15.
-ba9167
What is -12200221222 (base 3) in base 15?
-233c8
Convert -22222211110 (base 3) to base 4.
-223032000
Convert 2a138d (base 14) to base 6.
51210213
-249169 (base 10) to base 16
-3cd51
What is -15033024 (base 6) in base 15?
-a362d
Convert -101031013212 (base 4) to base 14.
-85591c
-330541 (base 6) to base 8
-65435
Convert b74a7 (base 12) to base 11.
154a96
Convert -2edb2 (base 15) to base 13.
-53ccc
What is -120625145 (base 7) in base 9?
-15130518
What is 6c7d5 (base 14) in base 13?
937c4
-21100210020 (base 3) to base 10
-144915
80b3 (base 14) to base 9
33285
Convert 81744 (base 11) to base 14.
316d4
Convert -23233222312 (base 4) to base 5.
-1242010323
Convert -3177 (base 8) to base 9.
-2247
What is 17b32a (base 12) in base 6?
12510054
1201331222 (base 4) to base 9
671372
-2112614 (base 9) to base 15
-174e34
-30412 (base 10) to base 12
-15724
20025211 (base 6) to base 12
232207
What is 4411623 (base 7) in base 5?
114302004
7829186 (base 10) to base 4
131313123002
Convert -3567869 (base 10) to base 11.
-2017658
What is -10c41 (base 13) in base 14?
-b24a
What is 7de711 (base 15) in base 3?
102022222102221
-3423403 (base 6) to base 10
-174459
What is -3cd656 (base 15) in base 11?
-1722063
What is -1320101320 (base 5) in base 7?
-36630023
Convert 2002211133 (base 4) to base 3.
1000011201100
What is -647526 (base 8) in base 16?
-34f56
-246d42 (base 16) to base 8
-11066502
-746404 (base 9) to base 7
-3530206
What is 30827 (base 12) in base 15?
13bb1
Convert -4021230 (base 5) to base 4.
-33213010
320021321 (base 4) to base 11
14789a
-123120004 (base 5) to base 15
-bc354
What is 120e3 (base 15) in base 8?
160364
-111222202110 (base 3) to base 9
-458673
Convert -121030124 (base 5) to base 12.
-232766
What is -14344152 (base 6) in base 15?
-9be6e
What is -20123003 (base 4) in base 9?
-52282
What is -1352315321 (base 6) in base 14?
-22d0641
1213b (base 15) to base 6
1122532
Convert 60293 (base 14) to base 4.
320121221
Convert b02311 (base 14) to base 16.
5a5d6b
Convert -3421133 (base 8) to base 7.
-10605403
What is 3322013101 (base 5) in base 11?
4091363
Convert -6d74b8 (base 16) to base 12.
-249b274
What is -110000002011122 (base 3) in base 6?
-344415455
Convert 873a (base 13) to base 3.
221210121
-56365 (base 9) to base 3
-1220102012
161956 (base 10) to base 2
100111100010100100
What is 1232411 (base 7) in base 15?
3233b
-15077160 (base 8) to base 5
-1340041430
What is 123433 (base 8) in base 3?
2011200102
What is 10000101111000100111 (base 2) in base 9?
1025223
-4253356 (base 8) to base 14
-2181b0
3321200133 (base 4) to base 13
29a231
3427124 (base 10) to base 8
15045464
What is -6ddba (base 15) in base 10?
-350725
241426 (base 7) to base 8
125401
504b7 (base 12) to base 14
2a08b
26994 (base 16) to base 6
3215540
Convert -100110010101001111111 (base 2) to base 12.
-506a7b
Convert -4633154 (base 7) to base 6.
-20232022
-942 (base 12) to base 14
-6c2
What is 338b7 (base 16) in base 2?
110011100010110111
What is -26272 (base 15) in base 10?
-122057
ba1551 (base 12) to base 10
2947021
What is b69c (base 16) in base 4?
23122130
Convert 11110101011100 (base 2) to base 9.
23483
Convert 201342232 (base 5) to base 16.
c586b
Convert -7f4d0 (base 16) to base 8.
-1772320
111030120112 (base 4) to base 7
65136322
Convert -1252031 (base 7) to base 13.
-59837
What is -1111011010000110100100 (base 2) in base 15?
-54bb6b
-12021200 (base 5) to base 2
-11011000011010000
What is 900051 (base 11) in base 13?
3b9a02
What is 11044040 (base 5) in base 9?
156662
-1c621 (base 15) to base 11
-63557
-33311112002 (base 4) to base 14
-7a08b8
Convert -467c1d (base 16) to base 4.
-101213300131
What is 25105 (base 10) in base 3?
1021102211
3121233030 (base 4) to base 14
19303a
-10a10a (base 11) to base 12
-84b90
Convert 9d2b (base 14) to base 16.
6a93
Convert 454131 (base 7) to base 14.
21588
Convert -159279 (base 14) to base 15.
-edaee
What is 104511 (base 9) in base 8?
171654
Convert -115434252 (base 7) to base 5.
-3324040102
Convert 385686 (base 14) to base 5.
443421224
Convert -24340044 (base 6) to base 12.
-314624
What is 204734 (base 15) in base 7?
16015636
Convert 432477 (base 8) to base 5.
14112303
What is -11111100001000 (base 2) in base 11?
-1113a
Convert -3208990 (base 10) to base 6.
-152440234
Convert -71633 (base 15) to base 10.
-359148
What is a606d (base 14) in base 8?
1416521
Convert -4533103 (base 6) to base 13.
-80955
Convert -20b3775 (base 12) to base 3.
-102200022111122
720c95 (base 13) to base 15
3779b8
-788434 (base 9) to base 15
-94ccd
What is 3312132202 (base 4) in base 5?
224301240
What is -11c40b (base 13) in base 5?
-102130110
Convert -480922 (base 11) to base 12.
-309291
23541740 (base 8) to base 6
302345532
Convert 256ec (base 16) to base 11.
a5216
-154444 (base 9) to base 12
-4707a
What is -401330 (base 8) in base 4?
-200023120
1000001011100000011001100 (base 2) to base 6
1411401500
What is ddc91 (base 15) in base 14?
144c16
2782a (base 15) to base 2
11110111011111011
What is 3bdb7 (base 14) in base 11?
a1334
Convert a87e3d (base 16) to base 2.
101010000111111000111101
Convert -114123 (base 10) to base 11.
-78819
What is -352638 (base 9) in base 16?
-33bdb
-134204523 (base 6) to base 13
-744354
Convert 89846 (base 10) to base 7.
522641
Convert 5566 (base 14) to base 6.
152250
Convert 136127 (base 11) to base 7.
1545212
-35291 (base 10) to base 9
-53362
What is 21020121 (base 3) in base 6?
40241
What is 1031203233 (base 4) in base 6?
10450423
52113435 (base 6) to base 14
2b19a7
Convert 2807773 (base 11) to base 5.
2214414044
Convert -2c6139 (base 15) to base 14.
-3dc4d5
-126440 (base 7) to base 6
-302335
Convert -95a39 (base 14) to base 15.
-72185
Convert 17547122 (base 8) to base 5.
2023203200
1045022 (base 8) to base 5
32443411
-2725938 (base 10) to base 7
-32112225
Convert -17963 (base 11) to base 10.
-25116
16073b (base 13) to base 4
2010302110
What is -22001221220001 (base 3) in base 13?
-b72917
Convert 1670384 (base 9) to base 3.
1202100102211
1079320 (base 10) to base 2
100000111100000011000
Convert 1010032111 (base 4) to base 2.
1000100001110010101
Convert 3c51d (base 16) to base 9.
415821
-31412 (base 7) to base 6
-55515
100203143 (base 5) to base 13
10bab5
Convert 5ea8b (base 15) to base 6.
10253352
What is -3321112 (base 4) in base 11?
-10a98
Convert -dc540 (base 14) to base 7.
-4351010
What is 11144311 (base 5) in base 12?
49a18
-11010000101100011011101 (base 2) to base 3
-110212102122112
2436557 (base 8) to base 6
22214515
-45401b0 (base 12) to base 4
-302220010110
-10010021212000 (base 3) to base 13
-46121a
What is 8111c (base 13) in base 11?
148510
Convert -402023301 (base 5) to base 3.
-10000001112210
What is -415717 (base 10) in base 14?
-ab701
What is -110101010011110011111 (base 2) in base 3?
-10021202020001
Convert 967cc (base 13) to base 14.
70d8a
Convert 22131303 (base 4) to base 9.
64720
Convert -11b48ab (base 14) to base 2.
-100000011011110101100111
What is -29456b (base 12) in base 3?
-1022011020202
What is -2b457c (base 16) in base 7?
-33050513
22143515 (base 7) to base 16
1d2541
Convert 20210323120 (base 4) to base 9.
4206211
Convert dd47c (base 14) to base 9.
1006186
Convert -758986 (base 10) to base 2.
-10111001010011001010
What is 54578 (base 11) in base 14?
20c27
Convert 1a45de (base 15) to base 3.
2102001110102
What is 213244430 (base 5) in base 11?
575a08
Convert 2042474 (base 8) to base 4.
2010110330
100301313112 (base 4) to base 12
158155a
-336654 (base 7) to base 2
-1110101001101111
What is -1160909 (base 14) in base 13?
-1947930
45b573 (base 12) to base 16
111267
Convert -41270 (base 8) to base 12.
-9a74
51c27c (base 16) to base 2
10100011100001001111100
What is -c2b310 (base 15) in base 11?
-5249924
-449305 (base 14) to base 6
-121540105
What is 32340102 (base 6) in base 16?
eac86
Convert -4344614 (base 7) to base 14.
-dbdb4
What is -17b47f (base 16) in base 12?
-62b053
Convert 163128 (base 9) to base 12.
4a345
Convert -15154524 (base 6) to base 11.
-331104
What is 6d02b4 (b